rime factors of 474050.
2, 5, 19, 499
What are the prime factors of 9610848?
2, 3, 13, 17, 151
What are the prime factors of 1681131?
3, 499, 1123
What are the prime factors of 584622?
2, 3, 32479
What are the prime factors of 687966?
2, 3, 114661
What are the prime factors of 76582?
2, 11, 59
What are the prime factors of 3243019?
13, 249463
What are the prime factors of 62426?
2, 7, 13
List the prime factors of 226233.
3, 7, 19
What are the prime factors of 1167940?
2, 5, 23, 2539
List the prime factors of 113603.
7, 16229
List the prime factors of 477928.
2, 11, 5431
List the prime factors of 591735.
3, 5, 103, 383
List the prime factors of 695333.
29, 23977
What are the prime factors of 881790?
2, 3, 5, 7, 13, 17, 19
What are the prime factors of 86387?
7, 41, 43
List the prime factors of 3216329.
223, 14423
List the prime factors of 37173.
3, 12391
What are the prime factors of 417700?
2, 5, 4177
What are the prime factors of 3923387?
13, 89, 3391
What are the prime factors of 625385?
5, 19, 29, 227
List the prime factors of 286417.
37, 7741
What are the prime factors of 220663?
220663
What are the prime factors of 218913?
3, 43, 1697
List the prime factors of 880.
2, 5, 11
List the prime factors of 568993.
19, 29947
What are the prime factors of 170289?
3, 7, 17, 53
List the prime factors of 8046427.
29, 37, 7499
List the prime factors of 2940324.
2, 3, 59, 4153
List the prime factors of 17933615.
5, 7, 512389
List the prime factors of 37859.
17, 131
List the prime factors of 86161.
86161
List the prime factors of 35750.
2, 5, 11, 13
List the prime factors of 128252.
2, 32063
List the prime factors of 618102.
2, 3, 23, 1493
What are the prime factors of 688553?
109, 6317
List the prime factors of 63604.
2, 15901
What are the prime factors of 1315080?
2, 3, 5, 13, 281
What are the prime factors of 393385?
5, 29, 2713
What are the prime factors of 93073?
163, 571
List the prime factors of 749997.
3, 167, 499
What are the prime factors of 471177?
3, 7, 277
List the prime factors of 1221236.
2, 109, 2801
What are the prime factors of 22145749?
31, 587, 1217
What are the prime factors of 450219?
3, 7, 11, 1949
List the prime factors of 749778.
2, 3, 19, 6577
List the prime factors of 5436535.
5, 13, 83639
What are the prime factors of 138605?
5, 19, 1459
What are the prime factors of 169605?
3, 5, 3769
What are the prime factors of 788226?
2, 3, 131371
List the prime factors of 173181.
3, 57727
List the prime factors of 83592.
2, 3, 43
What are the prime factors of 601967?
193, 3119
What are the prime factors of 302683?
53, 5711
What are the prime factors of 17798975?
5, 711959
What are the prime factors of 2450062?
2, 331, 3701
List the prime factors of 3071033.
7, 17, 131, 197
List the prime factors of 369533.
41, 9013
What are the prime factors of 596863?
596863
What are the prime factors of 211763?
421, 503
List the prime factors of 715387.
31, 47, 491
List the prime factors of 553010.
2, 5, 17, 3253
List the prime factors of 10918.
2, 53, 103
What are the prime factors of 16128987?
3, 7, 109721
List the prime factors of 885087.
3, 7, 223
What are the prime factors of 3792143?
1033, 3671
What are the prime factors of 25280334?
2, 3, 97, 14479
What are the prime factors of 849600?
2, 3, 5, 59
List the prime factors of 218043.
3, 7, 3461
List the prime factors of 19820426.
2, 113, 87701
List the prime factors of 11806239.
3, 19, 207127
What are the prime factors of 253017?
3, 9371
What are the prime factors of 578058?
2, 3, 13, 7411
What are the prime factors of 20364320?
2, 5, 127277
What are the prime factors of 15926?
2, 7963
List the prime factors of 25540722.
2, 3, 443, 3203
What are the prime factors of 5039509?
71, 70979
List the prime factors of 14219493.
3, 4739831
What are the prime factors of 1036962?
2, 3, 37, 173
What are the prime factors of 8596648?
2, 1074581
What are the prime factors of 3979849?
3979849
What are the prime factors of 41400?
2, 3, 5, 23
What are the prime factors of 31573743?
3, 17, 53, 11681
What are the prime factors of 242166?
2, 3, 40361
List the prime factors of 2525825.
5, 71, 1423
List the prime factors of 405912.
2, 3, 13, 1301
List the prime factors of 30680660.
2, 5, 47, 127, 257
What are the prime factors of 89892?
2, 3, 11, 227
List the prime factors of 1124453.
11, 9293
What are the prime factors of 2266562?
2, 41, 131, 211
What are the prime factors of 461649?
3, 37, 4159
List the prime factors of 3095934.
2, 3, 347, 1487
What are the prime factors of 90875?
5, 727
What are the prime factors of 426801?
3, 113, 1259
What are the prime factors of 376555?
5, 127, 593
List the prime factors of 186860.
2, 5, 9343
What are the prime factors of 1891649?
73, 25913
What are the prime factors of 2058505?
5, 541, 761
List the prime factors of 7711643.
7711643
List the prime factors of 1123176.
2, 3, 53, 883
What are the prime factors of 132235?
5, 53, 499
What are the prime factors of 4049861?
463, 8747
List the prime factors of 257193.
3, 17, 41
What are the prime factors of 22190751?
3, 11, 224149
What are the prime factors of 6601166?
2, 11, 13, 23081
What are the prime factors of 1134609?
3, 7, 97, 557
What are the prime factors of 244821?
3, 79, 1033
What are the prime factors of 3680967?
3, 83, 14783
List the prime factors of 12327439.
97, 167, 761
List the prime factors of 1869827.
31, 60317
What are the prime factors of 5061048?
2, 3, 61, 3457
List the prime factors of 538080.
2, 3, 5, 19, 59
What are the prime factors of 1508601?
3, 37, 13591
List the prime factors of 177708.
2, 3, 59, 251
What are the prime factors of 140464?
2, 8779
List the prime factors of 660636.
2, 3, 2039
List the prime factors of 71178.
2, 3, 11863
List the prime factors of 5547533.
67, 82799
List the prime factors of 854698.
2, 13, 71, 463
What are the prime factors of 612863?
241, 2543
List the prime factors of 98566.
2, 13, 17, 223
What are the prime factors of 1910369?
1910369
List the prime factors of 146915.
5, 29383
List the prime factors of 1258621.
7, 13, 13831
What are the prime factors of 7542218?
2, 53, 71153
What are the prime factors of 1056584?
2, 17, 457
List the prime factors of 590090.
2, 5, 59009
What are the prime factors of 17128560?
2, 3, 5, 23, 29, 107
List the prime factors of 3385385.
5, 677077
List the prime factors of 471942.
2, 3, 157, 167
List the prime factors of 191543.
11, 1583
What are the prime factors of 2989133?
7, 167, 2557
What are the prime factors of 1536893?
1536893
List the prime factors of 3359909.
7, 23, 41, 509
What are the prime factors of 1816155?
3, 5, 11, 1223
What are the prime factors of 263959?
17, 15527
What are the prime factors of 1728838?
2, 864419
List the prime factors of 24578236.
2, 647, 9497
What are the prime factors of 82233?
3, 9137
What are the prime factors of 1491373?
13, 89, 1289
List the prime factors of 2457671.
547, 4493
List the prime factors of 192096.
2, 3, 23, 29
List the prime factors of 4067001.
3, 139, 3251
List the prime factors of 10020284.
2, 883, 2837
What are the prime factors of 11116042?
2, 7, 31, 3659
List the prime factors of 699642.
2, 3, 47, 827
What are the prime factors of 2041544?
2, 255193
List the prime factors of 12247.
37, 331
List the prime factors of 2731687.
7, 19, 23, 47
What are the prime factors of 377692?
2, 7, 41, 47
List the prime factors of 33951.
3, 11317
List the prime factors of 9372815.
5, 1049, 1787
What are the prime factors of 644548?
2, 161137
What are the prime factors of 591524?
2, 147881
What are the prime factors of 10545190?
2, 5, 19, 55501
List the prime factors of 2292709.
23, 83, 1201
List the prime factors of 4280272.
2, 267517
What are the prime factors of 200695?
5, 11, 41, 89
What are the prime factors of 4040374?
2, 13, 155399
What are the prime factors of 328777?
328777
What are the prime factors of 9680?
2, 5, 11
What are the prime factors of 754446?
2, 3, 7, 11, 23, 71
What are the prime factors of 191799?
3, 101, 211
List the prime factors of 1316320.
2, 5, 19, 433
List the prime factors of 1179040.
2, 5, 7369
List the prime factors of 753363.
3, 13, 47, 137
What are the prime factors of 206846?
2, 103423
What are the prime factors of 132794?
2, 67, 991
List the prime factors of 813376.
2